{"id":69,"date":"2022-01-09T22:24:31","date_gmt":"2022-01-09T21:24:31","guid":{"rendered":"http:\/\/anavillafana.com\/?page_id=69"},"modified":"2022-03-04T17:41:01","modified_gmt":"2022-03-04T16:41:01","slug":"artiste","status":"publish","type":"page","link":"https:\/\/anavillafana.com\/","title":{"rendered":"l&rsquo;artiste"},"content":{"rendered":"\t\t<div data-elementor-type=\"wp-page\" data-elementor-id=\"69\" class=\"elementor elementor-69\" data-elementor-settings=\"[]\">\n\t\t\t\t\t\t\t<div class=\"elementor-section-wrap\">\n\t\t\t\t\t\t\t<section class=\"elementor-section elementor-top-section elementor-element elementor-element-322d377f elementor-section-boxed elementor-section-height-default elementor-section-height-default\" data-id=\"322d377f\" data-element_type=\"section\">\n\t\t\t\t\t\t<div class=\"elementor-container elementor-column-gap-default\">\n\t\t\t\t\t<div class=\"elementor-column elementor-col-100 elementor-top-column elementor-element elementor-element-1d1404a\" data-id=\"1d1404a\" data-element_type=\"column\">\n\t\t\t<div class=\"elementor-widget-wrap elementor-element-populated\">\n\t\t\t\t\t\t\t\t<div class=\"elementor-element elementor-element-731b645c elementor-widget elementor-widget-text-editor\" data-id=\"731b645c\" data-element_type=\"widget\" data-widget_type=\"text-editor.default\">\n\t\t\t\t<div class=\"elementor-widget-container\">\n\t\t\t<style>\/*! elementor - v3.5.6 - 28-02-2022 *\/\n.elementor-widget-text-editor.elementor-drop-cap-view-stacked .elementor-drop-cap{background-color:#818a91;color:#fff}.elementor-widget-text-editor.elementor-drop-cap-view-framed .elementor-drop-cap{color:#818a91;border:3px solid;background-color:transparent}.elementor-widget-text-editor:not(.elementor-drop-cap-view-default) .elementor-drop-cap{margin-top:8px}.elementor-widget-text-editor:not(.elementor-drop-cap-view-default) .elementor-drop-cap-letter{width:1em;height:1em}.elementor-widget-text-editor .elementor-drop-cap{float:left;text-align:center;line-height:1;font-size:50px}.elementor-widget-text-editor .elementor-drop-cap-letter{display:inline-block}<\/style>\t\t\t\t<!-- wp:heading {\"level\":1} -->\n<h1>Ana Villafana<\/h1>\n<!-- \/wp:heading -->\n\n<!-- wp:paragraph -->\n<p>A<span class=\"has-inline-color has-medium-gray-color\">rtiste plasticienne originaire du P\u00e9rou, son travail se caract\u00e9rise par la diversit\u00e9 des techniques et des supports utilis\u00e9s, du dessin \u00e0 l\u2019installation \u00e0 travers la sculpture et la vid\u00e9o.<br>Dipl\u00f4m\u00e9e de l\u2019Universit\u00e9 Pontificale Catholique du P\u00e9rou mais aussi de l\u2019Ecole des Beaux-Arts de Cambrai (ESAC), Ana Villafana propose une r\u00e9flexion critique sur les questions politiques et culturelles li\u00e9es aux habitudes et \u00e0 la m\u00e9moire collective du P\u00e9rou. Elle prend le point de vue de ceux qui, comme elle-m\u00eame, sont partis de leur pays natal.<\/span><\/p>\n<!-- \/wp:paragraph -->\t\t\t\t\t\t<\/div>\n\t\t\t\t<\/div>\n\t\t\t\t\t<\/div>\n\t\t<\/div>\n\t\t\t\t\t\t\t<\/div>\n\t\t<\/section>\n\t\t\t\t<section class=\"elementor-section elementor-top-section elementor-element elementor-element-fa2d9cd elementor-section-boxed elementor-section-height-default elementor-section-height-default\" data-id=\"fa2d9cd\" data-element_type=\"section\">\n\t\t\t\t\t\t<div class=\"elementor-container elementor-column-gap-default\">\n\t\t\t\t\t<div class=\"elementor-column elementor-col-100 elementor-top-column elementor-element elementor-element-a35fb36\" data-id=\"a35fb36\" data-element_type=\"column\">\n\t\t\t<div class=\"elementor-widget-wrap elementor-element-populated\">\n\t\t\t\t\t\t\t\t<div class=\"elementor-element elementor-element-8fb26ba elementor-widget elementor-widget-spacer\" data-id=\"8fb26ba\" data-element_type=\"widget\" data-widget_type=\"spacer.default\">\n\t\t\t\t<div class=\"elementor-widget-container\">\n\t\t\t\t\t<div class=\"elementor-spacer\">\n\t\t\t<div class=\"elementor-spacer-inner\"><\/div>\n\t\t<\/div>\n\t\t\t\t<\/div>\n\t\t\t\t<\/div>\n\t\t\t\t\t<\/div>\n\t\t<\/div>\n\t\t\t\t\t\t\t<\/div>\n\t\t<\/section>\n\t\t\t\t\t\t<\/div>\n\t\t\t\t\t<\/div>\n\t\t","protected":false},"excerpt":{"rendered":"<p>Ana Villafana Artiste plasticienne originaire du P\u00e9rou, son travail se caract\u00e9rise par la diversit\u00e9 des techniques et des supports utilis\u00e9s, du dessin \u00e0 l\u2019installation \u00e0 travers la sculpture et la vid\u00e9o.Dipl\u00f4m\u00e9e de l\u2019Universit\u00e9 Pontificale Catholique du P\u00e9rou mais aussi de l\u2019Ecole des Beaux-Arts de Cambrai (ESAC), Ana Villafana propose une r\u00e9flexion critique sur les questions [&hellip;]<\/p>\n","protected":false},"author":1,"featured_media":0,"parent":0,"menu_order":0,"comment_status":"closed","ping_status":"closed","template":"","meta":[],"_links":{"self":[{"href":"https:\/\/anavillafana.com\/index.php\/wp-json\/wp\/v2\/pages\/69"}],"collection":[{"href":"https:\/\/anavillafana.com\/index.php\/wp-json\/wp\/v2\/pages"}],"about":[{"href":"https:\/\/anavillafana.com\/index.php\/wp-json\/wp\/v2\/types\/page"}],"author":[{"embeddable":true,"href":"https:\/\/anavillafana.com\/index.php\/wp-json\/wp\/v2\/users\/1"}],"replies":[{"embeddable":true,"href":"https:\/\/anavillafana.com\/index.php\/wp-json\/wp\/v2\/comments?post=69"}],"version-history":[{"count":10,"href":"https:\/\/anavillafana.com\/index.php\/wp-json\/wp\/v2\/pages\/69\/revisions"}],"predecessor-version":[{"id":445,"href":"https:\/\/anavillafana.com\/index.php\/wp-json\/wp\/v2\/pages\/69\/revisions\/445"}],"wp:attachment":[{"href":"https:\/\/anavillafana.com\/index.php\/wp-json\/wp\/v2\/media?parent=69"}],"curies":[{"name":"wp","href":"https:\/\/api.w.org\/{rel}","templated":true}]}}